{"id":88,"date":"2024-12-10T03:17:06","date_gmt":"2024-12-10T03:17:06","guid":{"rendered":"https:\/\/memoriasdeamor.pe\/?page_id=88"},"modified":"2025-02-26T13:37:03","modified_gmt":"2025-02-26T13:37:03","slug":"rincones_del_corazon","status":"publish","type":"page","link":"https:\/\/memoriasdeamor.pe\/index.php\/rincones_del_corazon\/","title":{"rendered":"Rincones del Coraz\u00f3n"},"content":{"rendered":"\t\t<div data-elementor-type=\"wp-page\" data-elementor-id=\"88\" class=\"elementor elementor-88\" data-elementor-post-type=\"page\">\n\t\t\t\t<div class=\"elementor-element elementor-element-6953bab8 e-flex e-con-boxed e-con e-parent\" data-id=\"6953bab8\" data-element_type=\"container\">\n\t\t\t\t\t<div class=\"e-con-inner\">\n\t\t\t\t<div class=\"elementor-element elementor-element-18750ddd elementor-widget elementor-widget-text-editor\" data-id=\"18750ddd\" data-element_type=\"widget\" data-widget_type=\"text-editor.default\">\n\t\t\t\t<div class=\"elementor-widget-container\">\n\t\t\t\t\t\t\t\t\t\n<p>Te ofrecemos piezas de arte de <strong>MOBA ART DESIGN<\/strong> que acompa\u00f1aran tus <strong>memorias de amor.<br \/><img decoding=\"async\" class=\"alignnone size-full wp-image-309\" src=\"https:\/\/memoriasdeamor.pe\/wp-content\/uploads\/2025\/02\/moba.png\" alt=\"\" width=\"80\" height=\"80\" \/><br \/><\/strong><\/p>\n\t\t\t\t\t\t\t\t<\/div>\n\t\t\t\t<\/div>\n\t\t\t\t\t<\/div>\n\t\t\t\t<\/div>\n\t\t<div class=\"elementor-element elementor-element-d5ee3a3 e-flex e-con-boxed e-con e-parent\" data-id=\"d5ee3a3\" data-element_type=\"container\">\n\t\t\t\t\t<div class=\"e-con-inner\">\n\t\t<div class=\"elementor-element elementor-element-1aa299a e-con-full e-flex e-con e-child\" data-id=\"1aa299a\" data-element_type=\"container\">\n\t\t\t\t<div class=\"elementor-element elementor-element-ed4325d elementor-widget elementor-widget-text-editor\" data-id=\"ed4325d\" data-element_type=\"widget\" data-widget_type=\"text-editor.default\">\n\t\t\t\t<div class=\"elementor-widget-container\">\n\t\t\t\t\t\t\t\t\t<ul>\n<li>Recuerdos que perduran de tus seres queridos o celebraciones importantes.<\/li>\n<li>Un hermoso regalo de matrimonio, con nuestras placas <strong>Memorias de Amor<\/strong> tienes a mano todos tus grandiosos recuerdos.<\/li>\n<li>Nuestras mascotitas que ya no est\u00e1n, tambi\u00e9n tienen un rinc\u00f3n en nuestros corazones.<\/li>\n<\/ul>\t\t\t\t\t\t\t\t<\/div>\n\t\t\t\t<\/div>\n\t\t\t\t<\/div>\n\t\t\t\t\t<\/div>\n\t\t\t\t<\/div>\n\t\t<div class=\"elementor-element elementor-element-538d078 e-flex e-con-boxed e-con e-parent\" data-id=\"538d078\" data-element_type=\"container\">\n\t\t\t\t\t<div class=\"e-con-inner\">\n\t\t<div class=\"elementor-element elementor-element-efab5c5 e-con-full e-flex e-con e-child\" data-id=\"efab5c5\" data-element_type=\"container\">\n\t\t\t\t<\/div>\n\t\t<div class=\"elementor-element elementor-element-c0f0f4f e-con-full e-flex e-con e-child\" data-id=\"c0f0f4f\" data-element_type=\"container\">\n\t\t\t\t<div class=\"elementor-element elementor-element-c5eba6b elementor-widget elementor-widget-image\" data-id=\"c5eba6b\" data-element_type=\"widget\" data-widget_type=\"image.default\">\n\t\t\t\t<div class=\"elementor-widget-container\">\n\t\t\t\t\t\t\t\t\t\t\t\t<figure class=\"wp-caption\">\n\t\t\t\t\t\t\t\t\t\t\t<a href=\"https:\/\/memoriasdeamor.pe\/wp-content\/uploads\/2025\/02\/CORAZON-CARAMELO.png\" data-elementor-open-lightbox=\"yes\" data-elementor-lightbox-title=\"CORAZ\u00d3N CARAMELO\" data-e-action-hash=\"#elementor-action%3Aaction%3Dlightbox%26settings%3DeyJpZCI6Mjc5LCJ1cmwiOiJodHRwczpcL1wvbWVtb3JpYXNkZWFtb3IucGVcL3dwLWNvbnRlbnRcL3VwbG9hZHNcLzIwMjVcLzAyXC9DT1JBWk9OLUNBUkFNRUxPLnBuZyJ9\">\n\t\t\t\t\t\t\t<img fetchpriority=\"high\" decoding=\"async\" width=\"525\" height=\"553\" src=\"https:\/\/memoriasdeamor.pe\/wp-content\/uploads\/2025\/02\/CORAZON-CARAMELO-972x1024.png\" class=\"attachment-large size-large wp-image-279\" alt=\"\" srcset=\"https:\/\/memoriasdeamor.pe\/wp-content\/uploads\/2025\/02\/CORAZON-CARAMELO-972x1024.png 972w, https:\/\/memoriasdeamor.pe\/wp-content\/uploads\/2025\/02\/CORAZON-CARAMELO-285x300.png 285w, https:\/\/memoriasdeamor.pe\/wp-content\/uploads\/2025\/02\/CORAZON-CARAMELO-768x809.png 768w, https:\/\/memoriasdeamor.pe\/wp-content\/uploads\/2025\/02\/CORAZON-CARAMELO.png 1200w\" sizes=\"100vw\" \/>\t\t\t\t\t\t\t\t<\/a>\n\t\t\t\t\t\t\t\t\t\t\t<figcaption class=\"widget-image-caption wp-caption-text\">Pieza Coraz\u00f3n Caramelo Material: Resina con base de piedra Tama\u00f1o: Altura 30 cm \/ Base15 cm x 15 cm Precio: S\/. 450.00<\/figcaption>\n\t\t\t\t\t\t\t\t\t\t<\/figure>\n\t\t\t\t\t\t\t\t\t<\/div>\n\t\t\t\t<\/div>\n\t\t\t\t<\/div>\n\t\t<div class=\"elementor-element elementor-element-0a183a4 e-con-full e-flex e-con e-child\" data-id=\"0a183a4\" data-element_type=\"container\">\n\t\t\t\t<\/div>\n\t\t\t\t\t<\/div>\n\t\t\t\t<\/div>\n\t\t<div class=\"elementor-element elementor-element-57b0ce2 e-flex e-con-boxed e-con e-parent\" data-id=\"57b0ce2\" data-element_type=\"container\">\n\t\t\t\t\t<div class=\"e-con-inner\">\n\t\t<div class=\"elementor-element elementor-element-25eba93 e-con-full e-flex e-con e-child\" data-id=\"25eba93\" data-element_type=\"container\">\n\t\t\t\t<\/div>\n\t\t<div class=\"elementor-element elementor-element-552ef24 e-con-full e-flex e-con e-child\" data-id=\"552ef24\" data-element_type=\"container\">\n\t\t\t\t<div class=\"elementor-element elementor-element-daf6b35 elementor-widget elementor-widget-image\" data-id=\"daf6b35\" data-element_type=\"widget\" data-widget_type=\"image.default\">\n\t\t\t\t<div class=\"elementor-widget-container\">\n\t\t\t\t\t\t\t\t\t\t\t\t<figure class=\"wp-caption\">\n\t\t\t\t\t\t\t\t\t\t\t<a href=\"https:\/\/memoriasdeamor.pe\/wp-content\/uploads\/2025\/02\/CORAZON-CON-ALAS.png\" data-elementor-open-lightbox=\"yes\" data-elementor-lightbox-title=\"CORAZ\u00d3N CON ALAS\" data-e-action-hash=\"#elementor-action%3Aaction%3Dlightbox%26settings%3DeyJpZCI6MjgwLCJ1cmwiOiJodHRwczpcL1wvbWVtb3JpYXNkZWFtb3IucGVcL3dwLWNvbnRlbnRcL3VwbG9hZHNcLzIwMjVcLzAyXC9DT1JBWk9OLUNPTi1BTEFTLnBuZyJ9\">\n\t\t\t\t\t\t\t<img decoding=\"async\" width=\"525\" height=\"497\" src=\"https:\/\/memoriasdeamor.pe\/wp-content\/uploads\/2025\/02\/CORAZON-CON-ALAS-1024x970.png\" class=\"attachment-large size-large wp-image-280\" alt=\"\" srcset=\"https:\/\/memoriasdeamor.pe\/wp-content\/uploads\/2025\/02\/CORAZON-CON-ALAS-1024x970.png 1024w, https:\/\/memoriasdeamor.pe\/wp-content\/uploads\/2025\/02\/CORAZON-CON-ALAS-300x284.png 300w, https:\/\/memoriasdeamor.pe\/wp-content\/uploads\/2025\/02\/CORAZON-CON-ALAS-768x728.png 768w, https:\/\/memoriasdeamor.pe\/wp-content\/uploads\/2025\/02\/CORAZON-CON-ALAS.png 1200w\" sizes=\"100vw\" \/>\t\t\t\t\t\t\t\t<\/a>\n\t\t\t\t\t\t\t\t\t\t\t<figcaption class=\"widget-image-caption wp-caption-text\">Pieza Coraz\u00f3n con Alas: Material: Resina con base de piedra y alas de metal. Tama\u00f1o: Altura 14 cm \/ Base 15 cm x 15 cm Precio: S\/. 650.00<\/figcaption>\n\t\t\t\t\t\t\t\t\t\t<\/figure>\n\t\t\t\t\t\t\t\t\t<\/div>\n\t\t\t\t<\/div>\n\t\t\t\t<\/div>\n\t\t<div class=\"elementor-element elementor-element-ca59dc8 e-con-full e-flex e-con e-child\" data-id=\"ca59dc8\" data-element_type=\"container\">\n\t\t\t\t<\/div>\n\t\t\t\t\t<\/div>\n\t\t\t\t<\/div>\n\t\t<div class=\"elementor-element elementor-element-0b167a7 e-flex e-con-boxed e-con e-parent\" data-id=\"0b167a7\" data-element_type=\"container\">\n\t\t\t\t\t<div class=\"e-con-inner\">\n\t\t<div class=\"elementor-element elementor-element-a007d54 e-con-full e-flex e-con e-child\" data-id=\"a007d54\" data-element_type=\"container\">\n\t\t\t\t<\/div>\n\t\t<div class=\"elementor-element elementor-element-f275ceb e-con-full e-flex e-con e-child\" data-id=\"f275ceb\" data-element_type=\"container\">\n\t\t\t\t<div class=\"elementor-element elementor-element-bc52a5d elementor-widget elementor-widget-image\" data-id=\"bc52a5d\" data-element_type=\"widget\" data-widget_type=\"image.default\">\n\t\t\t\t<div class=\"elementor-widget-container\">\n\t\t\t\t\t\t\t\t\t\t\t\t<figure class=\"wp-caption\">\n\t\t\t\t\t\t\t\t\t\t\t<a href=\"https:\/\/memoriasdeamor.pe\/wp-content\/uploads\/2025\/02\/CORAZONES.png\" data-elementor-open-lightbox=\"yes\" data-elementor-lightbox-title=\"CORAZONES\" data-e-action-hash=\"#elementor-action%3Aaction%3Dlightbox%26settings%3DeyJpZCI6MjgxLCJ1cmwiOiJodHRwczpcL1wvbWVtb3JpYXNkZWFtb3IucGVcL3dwLWNvbnRlbnRcL3VwbG9hZHNcLzIwMjVcLzAyXC9DT1JBWk9ORVMucG5nIn0%3D\">\n\t\t\t\t\t\t\t<img loading=\"lazy\" decoding=\"async\" width=\"525\" height=\"561\" src=\"https:\/\/memoriasdeamor.pe\/wp-content\/uploads\/2025\/02\/CORAZONES-958x1024.png\" class=\"attachment-large size-large wp-image-281\" alt=\"\" srcset=\"https:\/\/memoriasdeamor.pe\/wp-content\/uploads\/2025\/02\/CORAZONES-958x1024.png 958w, https:\/\/memoriasdeamor.pe\/wp-content\/uploads\/2025\/02\/CORAZONES-281x300.png 281w, https:\/\/memoriasdeamor.pe\/wp-content\/uploads\/2025\/02\/CORAZONES-768x821.png 768w, https:\/\/memoriasdeamor.pe\/wp-content\/uploads\/2025\/02\/CORAZONES.png 1044w\" sizes=\"100vw\" \/>\t\t\t\t\t\t\t\t<\/a>\n\t\t\t\t\t\t\t\t\t\t\t<figcaption class=\"widget-image-caption wp-caption-text\">Pieza Dos Corazones: Material: Resina con base de piedra Tama\u00f1o: Altura 14 cm \/ Base 15 cm x 15 cm Precio: S\/. 760.00<\/figcaption>\n\t\t\t\t\t\t\t\t\t\t<\/figure>\n\t\t\t\t\t\t\t\t\t<\/div>\n\t\t\t\t<\/div>\n\t\t\t\t<\/div>\n\t\t<div class=\"elementor-element elementor-element-fbc26f6 e-con-full e-flex e-con e-child\" data-id=\"fbc26f6\" data-element_type=\"container\">\n\t\t\t\t<\/div>\n\t\t\t\t\t<\/div>\n\t\t\t\t<\/div>\n\t\t<div class=\"elementor-element elementor-element-1126467 e-flex e-con-boxed e-con e-parent\" data-id=\"1126467\" data-element_type=\"container\">\n\t\t\t\t\t<div class=\"e-con-inner\">\n\t\t<div class=\"elementor-element elementor-element-866bb93 e-con-full e-flex e-con e-child\" data-id=\"866bb93\" data-element_type=\"container\">\n\t\t\t\t<\/div>\n\t\t<div class=\"elementor-element elementor-element-b6ab404 e-con-full e-flex e-con e-child\" data-id=\"b6ab404\" data-element_type=\"container\">\n\t\t\t\t<div class=\"elementor-element elementor-element-3c6e261 elementor-widget elementor-widget-image\" data-id=\"3c6e261\" data-element_type=\"widget\" data-widget_type=\"image.default\">\n\t\t\t\t<div class=\"elementor-widget-container\">\n\t\t\t\t\t\t\t\t\t\t\t\t<figure class=\"wp-caption\">\n\t\t\t\t\t\t\t\t\t\t\t<a href=\"https:\/\/memoriasdeamor.pe\/wp-content\/uploads\/2025\/02\/GLOBO-1.png\" data-elementor-open-lightbox=\"yes\" data-elementor-lightbox-title=\"GLOBO\" data-e-action-hash=\"#elementor-action%3Aaction%3Dlightbox%26settings%3DeyJpZCI6MzAxLCJ1cmwiOiJodHRwczpcL1wvbWVtb3JpYXNkZWFtb3IucGVcL3dwLWNvbnRlbnRcL3VwbG9hZHNcLzIwMjVcLzAyXC9HTE9CTy0xLnBuZyJ9\">\n\t\t\t\t\t\t\t<img loading=\"lazy\" decoding=\"async\" width=\"392\" height=\"1024\" src=\"https:\/\/memoriasdeamor.pe\/wp-content\/uploads\/2025\/02\/GLOBO-1-392x1024.png\" class=\"attachment-large size-large wp-image-301\" alt=\"\" srcset=\"https:\/\/memoriasdeamor.pe\/wp-content\/uploads\/2025\/02\/GLOBO-1-392x1024.png 392w, https:\/\/memoriasdeamor.pe\/wp-content\/uploads\/2025\/02\/GLOBO-1-115x300.png 115w, https:\/\/memoriasdeamor.pe\/wp-content\/uploads\/2025\/02\/GLOBO-1.png 532w\" sizes=\"100vw\" \/>\t\t\t\t\t\t\t\t<\/a>\n\t\t\t\t\t\t\t\t\t\t\t<figcaption class=\"widget-image-caption wp-caption-text\">Pieza Globo Rojo:\nMaterial: Resina con base de piedra\nTama\u00f1o: Altura 30 cm \/ Base 10 cm x 10 cm\nPrecio: S\/. 600.00\n<\/figcaption>\n\t\t\t\t\t\t\t\t\t\t<\/figure>\n\t\t\t\t\t\t\t\t\t<\/div>\n\t\t\t\t<\/div>\n\t\t\t\t<\/div>\n\t\t<div class=\"elementor-element elementor-element-4027199 e-con-full e-flex e-con e-child\" data-id=\"4027199\" data-element_type=\"container\">\n\t\t\t\t<\/div>\n\t\t\t\t\t<\/div>\n\t\t\t\t<\/div>\n\t\t\t\t<\/div>\n\t\t","protected":false},"excerpt":{"rendered":"<p>Te ofrecemos piezas de arte de MOBA ART DESIGN que acompa\u00f1aran tus memorias de amor. Recuerdos que perduran de tus seres queridos o celebraciones importantes. Un hermoso regalo de matrimonio, con nuestras placas Memorias de Amor tienes a mano todos tus grandiosos recuerdos. Nuestras mascotitas que ya no est\u00e1n, tambi\u00e9n tienen un rinc\u00f3n en nuestros &hellip; <\/p>\n<p class=\"link-more\"><a href=\"https:\/\/memoriasdeamor.pe\/index.php\/rincones_del_corazon\/\" class=\"more-link\">Continuar leyendo<span class=\"screen-reader-text\"> \u00abRincones del Coraz\u00f3n\u00bb<\/span><\/a><\/p>\n","protected":false},"author":1,"featured_media":63,"parent":0,"menu_order":0,"comment_status":"closed","ping_status":"closed","template":"","meta":{"_joinchat":[],"footnotes":""},"class_list":["post-88","page","type-page","status-publish","has-post-thumbnail","hentry"],"_links":{"self":[{"href":"https:\/\/memoriasdeamor.pe\/index.php\/wp-json\/wp\/v2\/pages\/88","targetHints":{"allow":["GET"]}}],"collection":[{"href":"https:\/\/memoriasdeamor.pe\/index.php\/wp-json\/wp\/v2\/pages"}],"about":[{"href":"https:\/\/memoriasdeamor.pe\/index.php\/wp-json\/wp\/v2\/types\/page"}],"author":[{"embeddable":true,"href":"https:\/\/memoriasdeamor.pe\/index.php\/wp-json\/wp\/v2\/users\/1"}],"replies":[{"embeddable":true,"href":"https:\/\/memoriasdeamor.pe\/index.php\/wp-json\/wp\/v2\/comments?post=88"}],"version-history":[{"count":47,"href":"https:\/\/memoriasdeamor.pe\/index.php\/wp-json\/wp\/v2\/pages\/88\/revisions"}],"predecessor-version":[{"id":312,"href":"https:\/\/memoriasdeamor.pe\/index.php\/wp-json\/wp\/v2\/pages\/88\/revisions\/312"}],"wp:featuredmedia":[{"embeddable":true,"href":"https:\/\/memoriasdeamor.pe\/index.php\/wp-json\/wp\/v2\/media\/63"}],"wp:attachment":[{"href":"https:\/\/memoriasdeamor.pe\/index.php\/wp-json\/wp\/v2\/media?parent=88"}],"curies":[{"name":"wp","href":"https:\/\/api.w.org\/{rel}","templated":true}]}}